et q(b) = 14*b + 20. Let r(y) = 6*q(y) + 17*w(y). Calculate the remainder when r(-16) is divided by 10.
7
Let x = -62 + 85. Suppose 2*q - 3*b + 18 = 0, -2*q + 0*q - 14 = -b. Calculate the remainder when x is divided by (-70)/q + (-3)/(-9).
11
Suppose -2*f - 4 + 10 = 0. Suppose 0*i - f*i - 5*z = -18, 2*z = -2*i + 8. What is the remainder when 3 is divided by i?
0
Suppose 0 = -4*u + 57 + 135. Suppose 5*h + a - u = 4*h, h = -3*a + 44. What is the remainder when h is divided by 13?
11
Let r = -9 - -14. Calculate the remainder when (1/2)/((-6)/(-156)) is divided by r.
3
Suppose -3*w = -4*t - 3, -t + 2*w - 13 = -2*t. Let b(c) = -51*c - 1. Let i be b(t). What is the remainder when i/(-6) - 8/12 is divided by 7?
4
Suppose -2*u = -4*d - 12, 4*u - 3*d - 21 = 2*d. Calculate the remainder when 6 + -2 + 5 + -2 is divided by u.
3
Let j(w) = 6 + 6 - w - 19 + 2. Let u(s) = 4*s + 2. Let o be u(-3). Calculate the remainder when j(o) is divided by 2.
1
Suppose -l + 1 = -5*l + 3*m, 0 = 2*l - 2*m. Let v be (89/(-4))/(l/4). Suppose -2*z = 15 - v. What is the remainder when z is divided by 13?
11
Suppose -2*k - 22 = 4*h, -2*h = 3*h + 5. What is the remainder when 16 is divided by (-6)/k + (-25)/(-3)?
7
Let n(q) = q**3 + 11*q**2 + 5*q - 10. Let y be n(-10). Suppose -3*t + 5*u + y = 0, 6*t - 55 = 2*t + 5*u. Calculate the remainder when 44 is divided by t.
14
Let w(f) = f**2 + 10*f + 9. Let x be w(-9). Suppose -3*z + 3*n + 33 = 0, 4*z + 4*n - 4 = -x. Calculate the remainder when 13 is divided by (-3)/3 + 0 + z.
3
Let y(d) = 2*d**2 - 3. What is the remainder when 72 is divided by y(-3)?
12
Let y be -2*(-3)/(-18)*-93. Let b = y + -22. Calculate the remainder when (5/(-3))/((-6)/90) is divided by b.
7
Suppose 30 + 21 = 3*w. Calculate the remainder when w is divided by 6.
5
Let a = -18 - -20. Suppose -5*c + 30 = -a*c. What is the remainder when c is divided by 6?
4
What is the remainder when 5/3*-3*189/(-15) is divided by 17?
12
Suppose 18*m = 20*m - 110. Calculate the remainder when m is divided by 29.
26
Let c(x) = 5*x**2 + 8*x - 8. Let l(u) = -6*u**2 - 8*u + 8. Let n(h) = 5*c(h) + 4*l(h). What is the remainder when 3 is divided by n(-9)?
0
Let j = 48 + -45. Calculate the remainder when 10 is divided by j.
1
Suppose 3*z + 64 = 4*l, 2*l + 5*z = 4*l - 46. Calculate the remainder when 77 is divided by l.
12
Suppose 36 = 3*p + 3*y, 6*p - y - 54 = p. What is the remainder when 41 is divided by p?
8
Let c(i) = i + 3. What is the remainder when 18 is divided by c(8)?
7
Suppose -n - 66 = -4*n. Suppose o = 3*o + 2*l - 22, 5*l = -5. What is the remainder when n is divided by o?
10
Let p = -106 - -167. Calculate the remainder when p is divided by 9.
7
Suppose -5*p = -5*u - 110, 2*p - 7*p = 3*u - 70. What is the remainder when 65 is divided by p?
14
Let l(o) = 4 + o**3 + o**2 - 3*o + 0 - 2. Let n(i) = -3*i - 15. What is the remainder when l(2) is divided by n(-6)?
2
Let a(d) = 3*d**2 + 4*d - 1. Suppose -9 = -l + 3*f, -l = 5*f + 23 - 0. Let o be a(l). Suppose -g + o = 2. Calculate the remainder when 35 is divided by g.
11
Suppose 3*z = -2*o + 50, 1 + 11 = 3*z. Calculate the remainder when o is divided by 11.
8
Let f = 2 - -1. Suppose 4*d + f = 11. Suppose -3*n + 10 = -d. What is the remainder when n is divided by 2?
0
Let f(l) = -l + 7. Let j be f(3). What is the remainder when 3/((-12)/22)*-4 is divided by 11 + (j - 9 - -2)?
6
Suppose -142 = -5*j - 5*h - 42, -5*h = -2*j + 5. What is the remainder when j is divided by 8?
7
Let b = 5 + -1. Suppose 3*j + b*x - 106 = j, -4*j + 212 = -x. Suppose -k - j = -3*h, -2*h + 0*k + 2*k = -38. Calculate the remainder when h is divided by 9.
8
Let k = -234 - -383. What is the remainder when k is divided by 38?
35
Suppose 0*u - 75 = -5*u. Calculate the remainder when 88 is divided by u.
13
Let c be ((-4)/2)/(-3 + 5). What is the remainder when 1 + -2 - (-9 - 2) is divided by c - (-1 + 2)*-7?
4
Let u(t) be the third derivative of 5*t**4/24 - 7*t**3/3 + 4*t**2. Calculate the remainder when u(11) is divided by 14.
13
Let n(l) = -3*l. Let w(t) = -t. Let a(f) = n(f) - 5*w(f). Let i(v) = -v**3 - 7*v**2 - 10*v - 9. Calculate the remainder when i(-6) is divided by a(4).
7
Suppose 0 = 11*s - 509 - 525. What is the remainder when s is divided by 16?
14
Suppose -5*y - 3*p = -125, 2*p - 25 = -y + p. Calculate the remainder when y is divided by 9.
7
Let f = -53 + 89. Calculate the remainder when f is divided by 13.
10
Let n be -5 + 5 + (1 - 1). What is the remainder when 28 + n + (5 - 2) is divided by 16?
15
Let k = -59 - -98. Suppose 177 = 5*b + 4*w, 0*b = -b + w + k. Calculate the remainder when b is divided by ((-874)/69)/(4/(-6)).
18
Let v(u) = -u**2 - u**2 + u**2 - 1 + 5*u. Let b = 7 + 1. What is the remainder when b is divided by v(4)?
2
Let x(r) = 21*r - 6. What is the remainder when x(4) is divided by 16?
14
Suppose -4*q + 2*r + 24 = -3*r, -5*r = 2*q + 18. What is the remainder when q is divided by (5/2)/(-5)*4 + 3?
0
Let q(z) = 8*z**2 - 3*z - 5. What is the remainder when q(-2) is divided by 9?
6
Let d(c) = 11 - 5*c**2 - 2*c - 19 - c**3 + 2*c**3. What is the remainder when d(6) is divided by 9?
7
Suppose 2*q + 3*q - 20 = 0. Suppose 9 = 3*y - 2*y. Calculate the remainder when y is divided by q.
1
Let r be -201*((-10)/6 + 1). Let k = 59 - 9. Suppose 0 = 4*h - k - r. Calculate the remainder when h is divided by 16.
14
Let v be 2/10 + 95/25. Calculate the remainder when 5 is divided by v*3/42*7.
1
Let t be (-3)/(-6)*(-4)/2. Calculate the remainder when t/((-3)/(-69)*-1) is divided by 6.
5
Suppose 0 = -4*w - h + 50, w - 2*h = -0*h + 17. Calculate the remainder when 49 is divided by w.
10
Suppose -10 = 5*r - d + 47, 5*r + 63 = -d. Let k = 7 + r. Let s(l) = -l + 2. Calculate the remainder when s(k) is divided by 4.
3
Suppose 0*c - 4 = -c. Let b be -2*(-6)/c - 1. Suppose 5*y = 2*d, 4*y - 4*d + 10 + b = 0. What is the remainder when 4 is divided by y?
0
What is the remainder when 35 is divided by (31 - 19) + -1*3?
8
Let x = 1401 + -871. Suppose 0 = -0*o - 5*o + x. Suppose -16 = 5*d - o. Calculate the remainder when 34 is divided by d.
16
Let t = -11 - -163. Suppose 0 = 4*b - t - 36. Calculate the remainder when b is divided by 10.
7
Calculate the remainder when (-3)/(-6)*(180 - 2) is divided by 23.
20
Calculate the remainder when (1 - 0)*(41 + 0)*1 is divided by 11.
8
Suppose 44 = f - 9. Calculate the remainder when f is divided by ((-3)/6)/(2/(-72)).
17
Suppose 2 = -2*t + 6. Suppose -60 + 2 = -t*q. Calculate the remainder when q is divided by (-17)/(-2) + 1/(2/3).
9
Suppose -2*v = 1 - 13. Suppose -d - v = -53. Calculate the remainder when d is divided by 17.
13
Suppose -t + 13 = -g, -g = -5*t + 3*g + 66. Let j = 9 + t. Calculate the remainder when j is divided by 8.
7
Suppose 6*y - 20 = 4*y. What is the remainder when 19 is divided by y?
9
Suppose -z - 5*v = -47, 0 = -5*z + v + 131. Let d = z + -15. What is the remainder when 46 is divided by d?
10
Let b(u) = 8*u + 5. Let o = 2 + 21. Calculate the remainder when b(5) is divided by o.
22
Let j = 45 - 22. Suppose -u + 20 = -46. What is the remainder when u is divided by j?
20
Suppose g = -4*y + 2*g + 107, 0 = y - 5*g - 3. Calculate the remainder when 108 is divided by y.
24
Suppose -4*a + a = -36. Suppose 2*t - 112 = -3*q, q + 13 = -t + 52. Calculate the remainder when q is divided by a.
10
What is the remainder when 20 is divided by (-2)/(-10) + (-29)/(-5)?
2
Suppose 0*o = 2*o. Suppose o*y - 3*y = -9. Suppose -r = 3*l - 4*l - y, 3*r - 8 = 4*l. What is the remainder when 7 is divided by r?
3
Let l = 3 - 1. Suppose l*w = 6, 2*x - 2*w - 63 = 21. What is the remainder when x is divided by 16?
13
Let b = -2 - -5. Suppose -4*m + 4*k = 60, -34 = b*m + 4*k + 25. Let q = -11 - m. What is the remainder when 17 is divided by q?
5
Suppose 0*c = -5*c - 50. Let m(r) = 59*r. What is the remainder when m(1) is divided by (c/(-8))/((-8)/(-128))?
19
Let l be (3/2)/((-2)/4). Let r(q) = 16*q + 197. Calculate the remainder when r(-11) is divided by (0 - 22/6)*l.
10
What is the remainder when -4*3/18 + (-1090)/(-6) is divided by 46?
43
Let s = 40 + -10. What is the remainder when s is divided by 16?
14
Let t(u) = 13*u**2 + u. Let p(o) = o**3 + 5*o**2 + 2*o - 1. Let s be p(-3). Let v = -4 + s. What is the remainder when t(-1) is 